{"id":1863,"date":"2025-01-31T17:26:00","date_gmt":"2025-01-31T21:26:00","guid":{"rendered":"https:\/\/faroconsultores.org\/?post_type=servicios&#038;p=1863"},"modified":"2025-02-17T14:35:12","modified_gmt":"2025-02-17T18:35:12","slug":"medicion-y-gestion-del-clima-laboral","status":"publish","type":"servicios","link":"https:\/\/faroconsultores.org\/?servicios=medicion-y-gestion-del-clima-laboral","title":{"rendered":"Medici\u00f3n y Gesti\u00f3n del Clima Laboral"},"content":{"rendered":"\n<p>CLIMA 2.0 es un sistema de Gesti\u00f3n de Factores Claves vinculados a la medici\u00f3n y mejora del Ambiente Laboral (cuatro dimensiones y 27 variables) y la forma en que se percibe a la organizaci\u00f3n por parte de los funcionarios, generando como resultado Planes de Mejora Continua que favorezcan el mejor desempe\u00f1o del personal en funci\u00f3n de los objetivos del Negocio. <\/p>\n\n\n\n<p>Se mide las dimensiones de Clima, Satisfacci\u00f3n, Desarrollo Organizacional y el Comportamiento \u00e9tico. <\/p>\n\n\n\n<p>Se utilizan metodolog\u00edas interactivas de medici\u00f3n (encuestas on-line y manuales, entrevistas, sesi\u00f3n de sensibilizaci\u00f3n y grupos focales).<\/p>\n","protected":false},"excerpt":{"rendered":"<p>CLIMA 2.0 es un sistema de Gesti\u00f3n de Factores Claves vinculados a la medici\u00f3n y mejora del Ambiente Laboral (cuatro dimensiones y 27 variables) y la forma en que se percibe a la organizaci\u00f3n por parte de los funcionarios, generando como resultado Planes de Mejora Continua que favorezcan el mejor desempe\u00f1o del personal en funci\u00f3n de los objetivos del Negocio. <\/p>\n","protected":false},"featured_media":2369,"template":"","grupo":[13],"class_list":["post-1863","servicios","type-servicios","status-publish","has-post-thumbnail","hentry","grupo-clima-laboral"],"_links":{"self":[{"href":"https:\/\/faroconsultores.org\/index.php?rest_route=\/wp\/v2\/servicios\/1863","targetHints":{"allow":["GET"]}}],"collection":[{"href":"https:\/\/faroconsultores.org\/index.php?rest_route=\/wp\/v2\/servicios"}],"about":[{"href":"https:\/\/faroconsultores.org\/index.php?rest_route=\/wp\/v2\/types\/servicios"}],"wp:featuredmedia":[{"embeddable":true,"href":"https:\/\/faroconsultores.org\/index.php?rest_route=\/wp\/v2\/media\/2369"}],"wp:attachment":[{"href":"https:\/\/faroconsultores.org\/index.php?rest_route=%2Fwp%2Fv2%2Fmedia&parent=1863"}],"wp:term":[{"taxonomy":"grupo","embeddable":true,"href":"https:\/\/faroconsultores.org\/index.php?rest_route=%2Fwp%2Fv2%2Fgrupo&post=1863"}],"curies":[{"name":"wp","href":"https:\/\/api.w.org\/{rel}","templated":true}]}}

Medición y Gestión del Clima Laboral

<p>CLIMA 2.0 es un sistema de Gestión de Factores Claves vinculados a la medición y mejora del Ambiente Laboral (cuatro dimensiones y 27 variables) y la forma en que se percibe a la organización por parte de los funcionarios, generando como resultado Planes de Mejora Continua que favorezcan el mejor desempeño del personal en función de los objetivos del Negocio. </p>



<p>Se mide las dimensiones de Clima, Satisfacción, Desarrollo Organizacional y el Comportamiento ético. </p>



<p>Se utilizan metodologías interactivas de medición (encuestas on-line y manuales, entrevistas, sesión de sensibilización y grupos focales).</p>

<p>CLIMA 2.0 es un sistema de Gestión de Factores Claves vinculados a la medición y mejora del Ambiente Laboral (cuatro dimensiones y 27 variables) y la forma en que se percibe a la organización por parte de los funcionarios, generando como resultado Planes de Mejora Continua que favorezcan el mejor desempeño del personal en función de los objetivos del Negocio. </p>
